e the remainder when f is divided by 19*1/2 - (-13)/26.
7
Suppose -4*y + 590 = 3*x, 333 = 3*x - 4*y - 289. What is the remainder when x is divided by 12?
10
Calculate the remainder when (55/(-2))/(8/(-16)) is divided by 24.
7
Suppose -12*c = 376 - 2392. What is the remainder when c is divided by 39?
12
Let t = -72 - -98. Calculate the remainder when t is divided by 7.
5
Suppose 2*t + 158 = 4*n + t, -3*t = n - 46. Suppose 2*i = 2*f - 6*f + 30, i = 2*f + 3. Calculate the remainder when n is divided by i.
4
Suppose -1 = -i + 1. Let w(k) = -1 + 3 + 4*k**2 + 0*k**i + 2*k**2 - k**3. Calculate the remainder when w(5) is divided by 14.
13
Let k(u) = u**3 + 70*u**2 + 4*u + 312. What is the remainder when 89 is divided by k(-70)?
25
Let b(x) = 21*x - 36. Let s(k) = k + k + 2*k + 0*k - 7. Let h(p) = -2*b(p) + 11*s(p). What is the remainder when 34 is divided by h(7)?
7
Suppose 178*i - 179*i = -74. Calculate the remainder when 133 is divided by i.
59
Suppose 1 = 4*j - 11. Suppose -j*k = -102 - 72. Calculate the remainder when k is divided by 10.
8
Let c = 23 + -17. Let d(g) = g**3 - 6*g**2 + 4*g - 2. Calculate the remainder when 43 is divided by d(c).
21
Let r = 120 - 79. Suppose u + 97 + 34 = 3*d, -5*d + u + 215 = 0. Suppose b = -b + d. Calculate the remainder when r is divided by b.
20
Let l(z) = -z**3 - 15*z**2 - 8*z + 29. What is the remainder when l(-15) is divided by 8?
5
Let y(t) = 4*t**2 + 10*t + 11. What is the remainder when 242 is divided by y(-5)?
59
Let r = -377 - -398. What is the remainder when 207 is divided by r?
18
Let w(d) = -d**3 - 9*d**2 - d + 11. Calculate the remainder when -5 - -2 - -1 - -58 is divided by w(-9).
16
Let d(g) be the third derivative of -g**6/120 + 7*g**5/60 - g**4/8 - 4*g**3/3 - 28*g**2. Calculate the remainder when d(5) is divided by 10.
7
Let q(m) = 2*m**2 + 7*m. Calculate the remainder when -11*(-2)/4*16 is divided by q(-6).
28
Suppose 2*a + 5*n - 930 = -3*a, 5*a = -n + 914. Calculate the remainder when a is divided by 7.
0
What is the remainder when -11 + (145 + 0 - -7) is divided by 35?
1
Let p be (-4 - (-23)/5)/(4/(-60)). Let o = p + 35. Calculate the remainder when 153 is divided by o.
23
Suppose 2*q - 33 = -3*v, 4 = -3*q + 4*q - v. Let h = q + -7. Suppose -5*c + h*c - 4*l = -34, 60 = 5*c + 5*l. Calculate the remainder when 54 is divided by c.
12
Let f(q) = q**3 + 2*q**2 + 3*q - 2. Suppose 91 = 5*x - 4*j, -2*j - j - 92 = -5*x. Calculate the remainder when f(3) is divided by x.
14
Suppose 2*f = -5*x - 281 - 119, 4*f - 400 = 5*x. Let j = -41 - x. Calculate the remainder when 153 is divided by j.
36
Suppose 21*q = 7*q + 658. What is the remainder when q is divided by 8?
7
Suppose 12*i - 6 = 14*i. Let a be (126/(-4))/(i/4). Suppose -39*p = -a*p + 213. What is the remainder when p is divided by 36?
35
Let a = -1261 + 1280. Calculate the remainder when 278 is divided by a.
12
Let x be 128/6 + 2/(-6). Let o = 33 - x. Calculate the remainder when (47/2)/(-3*2/(-12)) is divided by o.
11
Let y be (24/(-15))/(2/(-10)). Let g be (-2 - -2) + (0 - -2). Suppose -r + g = -y. What is the remainder when 27 is divided by r?
7
Suppose -24*t + 1675 = -725. What is the remainder when 316 is divided by t?
16
Let q(r) = -r**3 + 8*r**2 + r - 6. Let m be q(8). Let d = m - -12. Calculate the remainder when 35 is divided by d.
7
Let s(l) be the first derivative of l**4/4 + 10*l**3/3 - 5*l**2 - 14*l + 1. Let k be s(-11). Let o = k - -54. Calculate the remainder when 85 is divided by o.
27
Let w be 0 + 2 + 0 + (4 - 2). Suppose w*p - 94 = -p + x, 4*x + 72 = 4*p. Calculate the remainder when p is divided by 10.
9
Let o(r) = -r**3 - 10*r**2 + 10*r - 12. Let h be o(-11). What is the remainder when 15/2*(h + 15) is divided by 27?
24
Suppose m = -4*m - 5*o + 115, o - 135 = -5*m. What is the remainder when 20 is divided by (-1)/(-7)*-2 + 204/m?
6
Suppose 4*p - 3*c = 1596, 5*p + 3*c - 2044 = -49. Calculate the remainder when p is divided by 50.
49
Let u = -73 - -79. What is the remainder when 27 is divided by (0 - 6/9) + 100/u?
11
Let h be 7/(14/12) - (1 - -1). Suppose 114 - 7 = 5*r + h*u, u + 16 = r. Calculate the remainder when 74 is divided by r.
17
Suppose 5*m - 2*s = 66, 3*s - 20 = -2*m + 7*s. Let x = 6 + m. Calculate the remainder when 94 is divided by x.
14
Let n(f) = f**3 - f**2 - 2*f - 10. Let p be n(0). Let o = 16 + p. Calculate the remainder when 21 is divided by o.
3
Let x = 36 + -32. Suppose x*f = 5*v + 49, 5*v = -4*f + 4*v + 19. Calculate the remainder when 16 is divided by f.
4
Let r = 78 + 8. What is the remainder when r is divided by 16?
6
Suppose -v = -i + 1, -2*v = -3*i + 4*i - 16. Suppose -4*u + 94 = 3*b, u + 118 = i*u + 4*b. What is the remainder when 59 is divided by u?
15
Suppose 2*s = -3*a + 8, -4*a = -5*a + 4*s + 12. Suppose 0*r - a*r - f = -22, 4*r = 5*f + 10. Calculate the remainder when r is divided by -2*-1*1*1.
1
What is the remainder when 3 - (6 + -7) - (-616)/4 is divided by 21?
11
Let g(j) = j + 62. Suppose 7 = l - 26. Suppose 4*i - l = 51. Calculate the remainder when g(0) is divided by i.
20
Suppose 0 = -3*m + 5*r + 9, -12 = -4*m + 2*r + r. Let s(q) = 2*q**2 - 11. What is the remainder when 11 is divided by s(m)?
4
Suppose -2 = -2*p, -2*p - 209 = -5*o + 759. Calculate the remainder when o is divided by -7*(-1)/(-3)*(-12)/2.
12
Suppose 196 = 4*m - 0*o - 2*o, -3*m + 152 = o. Let q = m - -8. Calculate the remainder when q is divided by (78/(-9) - -2)*-3.
18
Let j be (-2)/((-10)/(-55) + 0). Let k = 6 - j. What is the remainder when 45 is divided by k?
11
Let r(u) = -u + 11. Let d(n) = -n**3 + 16*n**2 + 2*n - 11. Let b be d(16). Let w = 38 - b. Calculate the remainder when w is divided by r(5).
5
Suppose -5*b + b + 67 = g, 68 = 5*b - 4*g. Suppose -r + 436 = 3*r. Calculate the remainder when r is divided by b.
13
Suppose 5*j - 5*u = 62 - 7, 5*j + 2*u - 20 = 0. Suppose 4*h - 22 = -j. What is the remainder when 6 is divided by h?
2
What is the remainder when 168 is divided by 6/9 - (-4 - 39/9)?
6
Suppose -13*h + 26 + 13 = 0. Calculate the remainder when 58 is divided by h.
1
Let x(v) be the second derivative of 5*v**5/4 - v**4/6 + v**3/3 - v**2/2 - v. Let j = -2915 + 2962. What is the remainder when j is divided by x(1)?
23
Let y = -16 + 29. Suppose 2*p - y = p. What is the remainder when 34 is divided by p?
8
Let z(y) = 2*y**3 + 86*y**2 - 89*y - 4. Calculate the remainder when 1194 is divided by z(-44).
34
Suppose -a - 670 = -5*k, -10*k + 14*k - 517 = -3*a. Calculate the remainder when k is divided by 64.
5
What is the remainder when (-8 + 150/18)*591 is divided by 25?
22
Suppose -n = -2*p - 142, n - 3*p = 5*n - 590. What is the remainder when n is divided by 30?
26
Suppose 9 = 2*d + 3. Let t = -35 + 40. Suppose -t*j - 21 + 61 = 0. Calculate the remainder when j is divided by d.
2
Let l(q) = -16*q - 118. What is the remainder when 241 is divided by l(-12)?
19
Let k(a) = 6*a - 36. Let j be k(6). Suppose l + l - 36 = j. What is the remainder when 196 is divided by l?
16
Let a(b) = 2*b**3 + 21*b**2 + 11*b + 10. Let m be a(-10). Suppose m*u + 2*u = 20. Let v(d) = d**2 + 4*d + 1. What is the remainder when u is divided by v(-5)?
4
Let f(p) = -6*p + 57. Suppose 5*y = y. Suppose y = -3*i - 4*m + 232, 3*m + 7 - 1 = 0. Calculate the remainder when i is divided by f(5).
26
Let h = -53 - -57. Calculate the remainder when 34 is divided by -3 - h/(8/(-30)).
10
Let v = 68 + -64. Suppose -33*g = -32*g - v. What is the remainder when 4 is divided by g?
0
Let w be ((-27)/4)/((-2)/16). Suppose 2*p - w = -0*p. Let z = -23 + p. What is the remainder when 9 is divided by z?
1
Suppose 0 = 2*g - g - 14. Suppose 51 = 3*n - 5*c + 4, 0 = -4*n + 5*c + 56. Calculate the remainder when g is divided by n.
5
Let w(s) = 2*s**2 - 8*s - 8. Let j be 11 - (11 + 4)/5. Calculate the remainder when w(j) is divided by 29.
27
Let g(t) = -t - 10*t + 10*t - 3 - 7*t. Suppose -25 = 2*r + 3*r. What is the remainder when g(r) is divided by 20?
17
Suppose -49*p - 36*p + 12920 = 0. What is the remainder when p is divided by 29?
7
Let u = -17 - -28. Let d = 220 + -85. Let h = -92 + d. What is the remainder when h is divided by u?
10
Let r(f) = f**2 + 2*f - 7. Let g be -3 - ((-3 - 0) + -4). Suppose o = 2*p - 10 - 7, -g*p = -16. What is the remainder when r(o) is di